t of 165?
1
What is the hundreds digit of 696?
6
What is the thousands digit of 15394?
5
What is the tens digit of 440?
4
What is the units digit of 49903?
3
What is the units digit of 16653?
3
What is the ten thousands digit of 13498?
1
What is the hundreds digit of 1640?
6
What is the ten thousands digit of 116908?
1
What is the tens digit of 7745?
4
What is the thousands digit of 8807?
8
What is the units digit of 43953?
3
What is the thousands digit of 3435?
3
What is the hundreds digit of 1720?
7
What is the tens digit of 11191?
9
What is the hundreds digit of 502?
5
What is the thousands digit of 2989?
2
What is the tens digit of 6819?
1
What is the hundreds digit of 40057?
0
What is the thousands digit of 5493?
5
What is the hundreds digit of 1614?
6
What is the tens digit of 4453?
5
What is the tens digit of 144831?
3
What is the ten thousands digit of 59418?
5
What is the hundreds digit of 12095?
0
What is the hundreds digit of 1599?
5
What is the units digit of 5817?
7
What is the tens digit of 961?
6
What is the thousands digit of 1022?
1
What is the units digit of 11651?
1
What is the thousands digit of 99199?
9
What is the units digit of 21261?
1
What is the units digit of 630?
0
What is the tens digit of 1808?
0
What is the thousands digit of 25229?
5
What is the tens digit of 4009?
0
What is the thousands digit of 10387?
0
What is the thousands digit of 31351?
1
What is the units digit of 3850?
0
What is the hundreds digit of 6226?
2
What is the units digit of 3252?
2
What is the units digit of 1394?
4
What is the units digit of 1382?
2
What is the hundreds digit of 3030?
0
What is the units digit of 262?
2
What is the units digit of 13551?
1
What is the ten thousands digit of 66035?
6
What is the thousands digit of 5667?
5
What is the thousands digit of 4551?
4
What is the hundreds digit of 3279?
2
What is the ten thousands digit of 42539?
4
What is the units digit of 839?
9
What is the hundreds digit of 3075?
0
What is the thousands digit of 37906?
7
What is the units digit of 5621?
1
What is the tens digit of 34796?
9
What is the tens digit of 2705?
0
What is the tens digit of 16746?
4
What is the thousands digit of 3866?
3
What is the hundreds digit of 66490?
4
What is the tens digit of 715?
1
What is the units digit of 9045?
5
What is the thousands digit of 1935?
1
What is the thousands digit of 3112?
3
What is the tens digit of 67588?
8
What is the hundreds digit of 17826?
8
What is the tens digit of 24634?
3
What is the tens digit of 780?
8
What is the tens digit of 31791?
9
What is the units digit of 585?
5
What is the tens digit of 2815?
1
What is the units digit of 4452?
2
What is the hundreds digit of 1397?
3
What is the thousands digit of 50369?
0
What is the hundreds digit of 3430?
4
What is the hundreds digit of 440?
4
What is the thousands digit of 3183?
3
What is the units digit of 128?
8
What is the units digit of 12756?
6
What is the tens digit of 360?
6
What is the thousands digit of 50171?
0
What is the units digit of 3799?
9
What is the tens digit of 40659?
5
What is the hundreds digit of 5240?
2
What is the tens digit of 17874?
7
What is the units digit of 4063?
3
What is the thousands digit of 33490?
3
What is the units digit of 133?
3
What is the thousands digit of 2919?
2
What is the tens digit of 11500?
0
What is the hundreds digit of 213?
2
What is the tens digit of 1542?
4
What is the thousands digit of 57965?
7
What is the hundreds digit of 643?
6
What is the tens digit of 9346?
4
What is the ten thousands digit of 107716?
0
What is the tens digit of 34599?
9
What is the thousands digit of 3384?
3
What is the tens digit of 57824?
2
What is the hundreds digit of 995?
9
What is the tens digit of 139093?
9
What is the tens digit of 52861?
6
What is the tens digit of 920?
2
What is the tens digit of 38742?
4
What is the units digit of 108?
8
What is the thousands digit of 9486?
9
What is the tens digit of 1837?
3
What is the hundreds digit of 73921?
9
What is the thousands digit of 5109?
5
What is the tens digit of 449?
4
What is the hundreds digit of 4367?
3
What is the ten thousands digit of 50300?
5
What is the units digit of 8611?
1
What is the tens digit of 127?
2
What is the units digit of 13041?
1
What is the tens digit of 4153?
5
What is the units digit of 727?
7
What is the thousands digit of 4643?
4
What is the tens digit of 1456?
5
What is the units digit of 15962?
2
What is the units digit of 27?
7
What is the units digit of 94?
4
What is the units digit of 16050?
0
What is the tens digit of 41205?
0
What is the tens digit of 566?
6
What is the tens digit of 18732?
3
What is the ten thousands digit of 28231?
2
What is the tens digit of 110554?
5
What is the units digit of 5251?
1
What is the thousands digit of 5892?
5
What is the thousands digit of 23987?
3
What is the tens digit of 27327?
2
What is the thousands digit of 1197?
1
What is the ten thousands digit of 48651?
4
What is the hundreds digit of 3920?
9
What is the tens digit of 16494?
9
What is the units digit of 7892?
2
What is the hundreds digit of 175995?
9
What is the ten thousands digit of 13159?
1
What is the units digit of 1246?
6
What is the tens digit of 142183?
8
What is the thousands digit of 32744?
2
What is the units digit of 29564?
4
What is the hundreds digit of 5079?
0
What is the tens digit of 68210?
1
What is the hundreds digit of 47215?
2
What is the thousands digit of 4587?
4
What is the units digit of 19194?
4
What is the thousands digit of 37626?
7
What is the thousands digit of 12649?
2
What is the hundreds digit of 13825?
8
What is the ten thousands digit of 21096?
2
What is the hundreds digit of 1175?
1
What is the thousands digit of 5202?
5
What is the tens digit of 45255?
5
What is the tens digit of 806?
0
What is the tens digit of 852?
5
What is the hundreds digit of 2015?
0
What is the hundreds digit of 20340?
3
What is the units digit of 41807?
7
What is the ten thousands digit of 28767?
2
What is the hundreds digit of 26729?
7
What is the tens digit of 8856?
5
What is the units digit of 725?
5
What is the ten thousands digit of 30439?
3
What is the units digit of 3153?
3
What is the tens digit of 3301?
0
What is the tens digit of 371?
7
What is the tens digit of 829?
2
What is the thousands digit of 71528?
1
What is the tens digit of 9302?
0
What is the thousands digit of 1490?
1
What is the units digit of 796?
6
What is the units digit of 522?
2
What is the ten thousands digit of 19066?
1
What is the hundreds digit of 9127?
1
What is the hundreds digit of 166005?
0
What is the tens digit of 7304?
0
What is the units digit of 17271?
1
What is the units digit of 999?
9
What is the tens digit of 91374?
7
What is the units digit of 2014?
4
What is the tens digit of 900?
0
What is the hundreds digit of 773?
7
What is the tens digit of 25401?
0
What is the tens digit of 3167?
6
What is the thousands digit of 71390?
1
What is the tens digit of 1932?
3
What is the hundreds digit of 1995?
9
What is the thousands digit of 7258?
7
What is the hundreds digit of 828?
8
What is the tens digit of 2594?
9
What is the tens digit of 755?
5
What is the hundreds digit of 414?
4
What is the tens digit of 33839?
3
What is the tens digit of 27?
2
What is the tens digit of 219?
1
What is the tens digit of 15971?
7
What is the units digit of 727?
7
What is the units digit of 1198?
8
What is the thousands digit of 5828?
5
What is the thousands digit of 43963?
3
What is the tens digit of 10258?
5
What is the tens digit of 9488?
8
What is the units digit of 1878?
8
What is the units digit of 19350?
0
What is the thousands digit of 1531?
1
What is the tens digit of 41923?
2
What is the tens digit of 61049?
4
What is the tens digit of 1262?
6
What is the hundreds digit of 2751?
7
What is the units digit of 5116?
6
What is the hundreds digit of 3630?
6
What is the thousands digit of 22133?
2
What is the units digit of 9818?
8
What is the thousands digit of 140683?
0
What is the thousands digit of 1900?
1
What is the thousands digit of 19696?
9
What is the thousands digit of 51196?
1
What is the hundreds digit of 3828?
8
What is the tens digit of 123777?
7
What is the hundreds digit of 5556?
5
What is the hundreds digit of 11878?